or of a and h.
11
Suppose 8*x + 60 = 11*x. Calculate the highest common factor of x and 40.
20
Let b be ((-6)/5)/((-12)/30). Let s = -3 + b. Let a be 45 + s/2 + -3. Calculate the greatest common factor of 28 and a.
14
Let q be ((-1)/(-2))/(2/(-1712)). Let d = -2108 - q. Let z be (6/(-8))/(10/d). Calculate the greatest common divisor of z and 14.
14
Suppose -r - 17 = -0*r. Let w = -10 - r. What is the greatest common divisor of 14 and w?
7
Let s(l) = -l**3 + l**2 + l. Let g be s(1). Let f be (10/(-15))/(g/(-9)). Calculate the greatest common factor of f and 9.
3
Let s be (-2)/(-6) - 245/(-21). Let u be (-78 + -1)/(4/s). Let i = 417 + u. Calculate the highest common factor of i and 20.
20
Let q be (2/6*3)/1. Suppose 5*r = 5 + 5. Suppose 2*u = m + 7, u - r*m - 17 = 3*m. Calculate the greatest common divisor of q and u.
1
Let l(n) = -n**3 - 7*n**2 - 3*n + 8. Let z be l(-6). Let a be (-1 - -2)/(1/(-3)). Let s be a/((-1)/z*-1). Calculate the greatest common divisor of 20 and s.
10
Let c be -33*6*2/(-4). Calculate the greatest common divisor of c and 11.
11
Let c be 0/(-3) - 1 - -7. Suppose 3*a = c*a - 150. What is the highest common factor of 20 and a?
10
Suppose 2*b = -0*b + 32. Calculate the highest common divisor of 176 and b.
16
Let s(u) = -u**3 - 2*u**2 + u. Let i be s(-3). Let q = i + 69. Calculate the highest common factor of q and 15.
15
Let l(o) = o**3 - 4*o**2 - 4*o - 3. Let n be l(5). Suppose n*b - 7*b = -170. Calculate the greatest common divisor of b and 17.
17
Let z = 18 - 11. Calculate the highest common divisor of 63 and z.
7
Suppose c - 20 = -3*c. Let b = c + -2. What is the greatest common divisor of 24 and b?
3
Suppose 0 = 8*l - 27 + 11. What is the highest common divisor of l and 4?
2
Let i(x) = x**2 - 2*x - 6. Let g = -2 - -8. Let n be i(g). Suppose -10 = -2*s + n. Calculate the greatest common divisor of 42 and s.
14
Let n = 4 - -1. Suppose -141 = -n*q + 114. Suppose -5*x + 34 = -q. Calculate the greatest common divisor of 136 and x.
17
Let h = 210 - 90. What is the highest common divisor of h and 48?
24
Let b(j) = -2*j**2 + 3*j - 2. Let q be b(2). Let l = -17 - q. Let k = -4 - l. Calculate the greatest common factor of 6 and k.
3
Suppose 4*i - 45 = -i. What is the highest common divisor of i and 63?
9
Let g(c) = 15*c - 18. Let l(w) = w. Let r(n) = g(n) - 18*l(n). Let u be r(-13). Calculate the greatest common factor of 3 and u.
3
Let q be 1 + (-87)/(-3) + 3. What is the greatest common factor of q and 297?
33
Let h be 1984/18 + 6/(-27). Let y be 0 + 0 + -2 + (27 - 3). What is the greatest common factor of y and h?
22
Suppose 6*z - 378 = 678. Calculate the highest common divisor of 11 and z.
11
Suppose -4*i = i. Suppose i*q + 117 = 3*q. Let o(x) = -x**2 - 12*x + 2. Let j be o(-11). Calculate the highest common factor of j and q.
13
Let w = 35 + -24. Let f be (-229)/(-7) + (-4)/(-14). Calculate the highest common factor of w and f.
11
Let v(g) = -20*g. Let f be v(-1). Suppose -2*y = 3*y - f. Suppose 2*i = -a - 3*a + 264, y*i = -2*a + 510. Calculate the highest common divisor of 14 and i.
14
Let u(f) = 13*f. Let r be u(1). What is the greatest common divisor of r and 65?
13
Suppose 6*a - 28 = 2*a. Let c(t) = -16*t + 3. Let o be c(-2). Calculate the greatest common divisor of a and o.
7
Suppose 52 + 508 = 5*q. Calculate the highest common divisor of q and 14.
14
Let i = 31 + -28. Calculate the greatest common factor of i and 2.
1
Let f = -1 - 3. Let r(z) = -111*z + 4. Let i be r(f). Suppose -2*d - 12 = -5*d, -4*h - 4*d = -i. Calculate the greatest common divisor of h and 12.
12
Suppose 0 = 5*r - 3*b - 550, -2*r - 440 = -6*r + 5*b. Calculate the greatest common divisor of r and 44.
22
Let k be (-7)/(7/(-27)) + -1*5. Suppose 0 = 4*h + h + 3*n - 98, -2*h + n + 48 = 0. Calculate the highest common factor of k and h.
22
Let r = 73 + -45. Let t = r - -22. What is the greatest common divisor of t and 10?
10
Let t be 0 - (-5 - (0 - 1)). What is the highest common factor of t and 44?
4
Let w = 1 - -1. Suppose -i = -f + 4, 0 = 2*i - 2. What is the highest common factor of w and f?
1
Suppose 0 = 6*o - 42 - 24. What is the highest common divisor of o and 11?
11
Let w be 1*-2 - (-4 - -2). Let d be (0 - -1) + 4/2. Suppose 2*u - d*u + 11 = w. What is the greatest common divisor of u and 33?
11
Let n be -2*1 + 4/1. Suppose -4*v + 33 = 5. Suppose k - n = v. Calculate the greatest common factor of k and 9.
9
Let l = -54 - -68. What is the greatest common divisor of 98 and l?
14
Suppose -5*z + 92 = 17. What is the greatest common divisor of z and 105?
15
Suppose 5*t - 3*t = 0. Suppose t = y - 5 - 5. What is the highest common factor of 10 and y?
10
Let s = 6 - -8. Let o(n) = n**3 - 6*n**2 + 13*n - 8. Let x be o(8). Suppose -3*w = -w - x. Calculate the highest common divisor of s and w.
14
Let k(g) = g - 8. Let m be k(4). Let a = -4 - m. Suppose -2*b + 4 + 4 = a. What is the highest common factor of b and 1?
1
Let t(w) = w**3 - 10*w**2 + 11*w - 13. Let v be t(9). Suppose 7*i - 20 = 3*i, 2*i - 395 = -v*g. Calculate the highest common factor of 11 and g.
11
Let v(p) = p**3 - 5*p**2 + 3*p - 5. Let f be v(5). Suppose -2*b + 16 = 4*m, 3*b - 20 = -2*m - 3*m. Calculate the greatest common divisor of f and m.
2
Let g(v) = -v**3 + 8*v**2 - 8*v - 1. Let c be g(7). Let r be 2/8 + (-502)/c. Let n = r - 35. What is the greatest common divisor of n and 7?
7
Suppose -268 = -5*h - m, -h = -2*m - 3*m - 38. Let a = -37 + h. Calculate the highest common factor of 8 and a.
8
Let n(u) = 2*u**3 - 6*u**2 - 2*u + 9. Let a be n(6). Let o = a - 85. What is the highest common divisor of 16 and o?
16
Suppose -3*x + 50 = -103. Suppose 2*d - 4*t - 8 = 0, -12 = -3*d + 2*t - 6*t. Suppose -d*n + n + 51 = 0. What is the greatest common divisor of n and x?
17
Let q = 45 - 37. Let j = 0 + -1. Let c be (4*(j - -17))/1. Calculate the highest common factor of c and q.
8
Suppose -26*v = -19*v - 14. Calculate the greatest common divisor of 5 and v.
1
Suppose v + 3*v - 228 = -4*h, -h = -5*v + 303. What is the greatest common factor of 30 and v?
30
Let p = 9 - -4. Suppose -70 + 18 = -4*j. Calculate the greatest common factor of j and p.
13
Let f be (-6)/(-15)*11*5. Suppose -5*k + 92 = f. Calculate the greatest common divisor of 42 and k.
14
Suppose 3*o - 6 = -5*t, 2*o + 0*o = 2*t + 4. Suppose 0*n = -o*n + 66. What is the greatest common factor of n and 11?
11
Suppose 2*l - 5 = -3. Suppose -5 = -2*f + l. Let z be (0 + -3)/(f/(-9)). Calculate the highest common factor of 63 and z.
9
Let i be (1 + -9)*(-1)/2. Suppose i*g = -g + 550. What is the highest common factor of 11 and g?
11
Let t = -2 - -5. Suppose 0 = t*s - 36 - 24. What is the highest common divisor of 5 and s?
5
Suppose 3*o = -4*p + 55, -2*p - 15 = -3*o + 34. Calculate the greatest common divisor of o and 68.
17
Suppose -41 = -23*c + 695. Calculate the highest common divisor of c and 48.
16
Let o be (-397)/(-4) - (-1)/(-4). Let k = 1 + 8. Calculate the greatest common factor of k and o.
9
Suppose 3*y - 7 - 65 = 0. What is the greatest common factor of y and 36?
12
Suppose -2*f + 3*k = -69, 4*k + 6 = 2*k. Calculate the highest common factor of f and 240.
30
Let o be (1 + -2)*-2 + 26. Let r = o + 89. Suppose 0 = 5*h + 5*i - 65, 2*h - 4*i - 8 - 18 = 0. What is the greatest common factor of r and h?
13
Let h be (4/(-3))/(2/(-6)). Suppose w = -h*w + 225. Let l(v) = 28*v**3 + v**2 + 3*v - 2. Let y be l(1). Calculate the greatest common divisor of y and w.
15
Let b be (-2)/6 + 2/6. Suppose b = 2*y - 4 - 18. Calculate the greatest common divisor of 55 and y.
11
Let x(u) = 5*u**2 + 2*u - 9. Let o be x(-4). What is the greatest common factor of o and 84?
21
Let s = 0 - -18. Let h = s + -12. Let z = h + 49. Calculate the highest common divisor of z and 22.
11
Suppose -3*g + 6 = -s, 5*s - 2*g + 6 = g. Suppose 2*l + s*i - 8 = -4*i, 51 = 4*l + i. Calculate the greatest common factor of l and 28.
14
Suppose 30*u = 28*u + 12. Calculate the greatest common factor of 42 and u.
6
Suppose 2*q + 70 = 7*q. Calculate the highest common divisor of q and 28.
14
Let u = -10 + 17. Suppose 4*t - 2*j = 136, 3 = -t + j + 39. Suppose -3*h - d = t - 177, h - 55 = 3*d. What is the highest common divisor of h and u?
7
Let y = 34 - 14. Calculate the greatest commo